*o - 8 = 0. Suppose 1107 = j + 4*m, -6441 + 838 = -5*j - u*m. Is j a composite number?
False
Let h(p) = 32 - 10*p + 4*p**2 + 3*p - 5*p + 1. Let u be h(14). Let s = u - -52. Is s composite?
False
Let x be (0 - (-4)/3)/(2/6). Suppose g = -5*l + 20516, -2*g = -x + 2. Is l a composite number?
True
Let d(g) = 8*g**3 - 67*g**2 + 13*g + 3. Let t be d(15). Let b = -6500 + t. Is b prime?
True
Suppose 9*j = 2*f + 13*j - 16, -f - 7 = -3*j. Suppose -c + 5*c - u - 647 = 0, 0 = f*c + 5*u - 307. Is c composite?
True
Let n = -67 - -78. Suppose 10*l - n*l + 5642 = 0. Suppose -2*q + 4*o = -l, 0*o + 4*o - 5610 = -2*q. Is q a composite number?
True
Suppose 1672 = 14*w - 1338. Let q = -30 - -26. Is q + 2/2*w composite?
False
Let n = 57 + -55. Suppose -3*v = -0*k + 3*k - 15, -n*k = -3*v. Is (-3)/((-36)/10084)*k prime?
True
Let w(t) = -t**3 + 2*t**2 + t + 1. Let x be w(2). Let d = 33 - 28. Suppose b = 3*n + 299, d*n + 7 + x = 0. Is b prime?
True
Let f(y) = -80*y**3 - 46*y**2 - 51*y + 68. Is f(-21) composite?
False
Let v(n) = 4*n**3 - 23*n**2 + 13*n + 10. Let b(j) = 9*j**3 - 47*j**2 + 26*j + 21. Let x(z) = -3*b(z) + 7*v(z). Is x(22) prime?
False
Suppose 71*y = 207741 - 30028. Is y prime?
True
Suppose -2*w - 2656145 = -71*w + 8774464. Is w composite?
True
Let v(b) = b**3 - 12*b**2 - 8*b - 19. Let s be v(11). Let k = s + 332. Suppose m + m = -5*r + 405, r = -5*m + k. Is r composite?
False
Is (-27)/(891/(-272228)) - 5/(-3) composite?
True
Let n = -1007 + 1635. Let i be 328/41 + (-3 - 340). Let s = i + n. Is s a prime number?
True
Let c(q) = 72384*q + 154. Is c(1) a composite number?
True
Let r(w) = w**3 + 36*w**2 - 23*w + 113. Is r(24) prime?
False
Suppose 5*j - 21*j + 64 = 0. Suppose 4380 = y + j*y - 5*f, 1767 = 2*y - 5*f. Is y composite?
True
Suppose 5*l = -4*l + 36. Is 119860/104 + (-6)/l prime?
True
Suppose -15864805 = -264*p + 14419427. Is p a composite number?
False
Let i(m) be the third derivative of 47*m**5/15 - m**4/8 + m**3/2 + 3*m**2 + 24*m. Suppose -2*u + 5*u = 6. Is i(u) composite?
True
Let m = 95 - 88. Let x(h) = -7*h + 3. Let f be x(m). Is (-1641)/(-11) - (-4 + f/(-11)) composite?
False
Let x(s) = 5*s + 117. Let h be x(-13). Is (11586/(-12))/(2 + h/(-24)) composite?
True
Let c = 59 + -448. Let y = 1436 - 848. Let i = c + y. Is i prime?
True
Suppose -3084 = -31*s + 29*s. Let f be ((-1796)/(-8))/((-3)/(-30)). Let c = f - s. Is c a composite number?
True
Let x(v) = 20*v**3 + v**2 - 3*v + 1. Let t(z) = -z**3 + 27*z**2 - z + 30. Let i be t(27). Is x(i) a prime number?
True
Let n be 1/2 + 56670/20. Let h = n - 925. Is h a prime number?
False
Let f(j) = 3469*j**2 - 789*j - 1. Is f(-12) a composite number?
True
Let m be 7 + -3 + 1321 - -7. Let s = m - -1939. Is s a composite number?
False
Let u = 389762 - 225643. Is u composite?
True
Let x = -405104 - -767523. Is x a composite number?
False
Let m be ((-13)/3)/((-8)/96). Let a = m - 49. Suppose -a*h + h = -838. Is h a composite number?
False
Let t(c) = c**2 - 17*c + 64. Let r be t(6). Is (3 - (r + 35619))*5/(-10) prime?
True
Suppose -45599*i + 45600*i = 314521. Is i composite?
True
Let p = -166 + 173. Is p/7*(-978)/(-3) a prime number?
False
Suppose 0 = -5*j - 3*z + 42376, 0 = 148*j - 151*j + 2*z + 25399. Is j composite?
True
Let a(x) = x**2 + 8*x - 10. Let q be a(3). Suppose -5*b = 5*p - 12 - 18, -2*p = -5*b + q. Suppose -4*m + m = -b*r + 2678, -m = 1. Is r a prime number?
False
Suppose -f = 0, -3*w = -19*f + 23*f - 9. Suppose -w*v + 45037 = -2*g, 4*v - 27*g + 32*g = 60057. Is v prime?
True
Let n be 440/(-66) + (-2)/6. Let c be -1 + 1 + 2575 + n + 5. Let u = 4196 - c. Is u a prime number?
False
Suppose -3*x - g = -8, 3*x - 2*g - 2 = -0*g. Suppose -x*d = 2*p + 1156, 0*p - 4*p = d + 2327. Let u = 872 + p. Is u prime?
False
Suppose 1475*a - 1477*a = -186094. Is a a composite number?
False
Is (-121043043)/(-1581) - ((378/(-93))/(-1) - 4) a composite number?
False
Let q be (2 + 17/(-3))*42. Let v(d) = -2*d**3 - 10*d**2 + 52*d + 419. Let k be v(-12). Let w = q + k. Is w prime?
True
Suppose -51*x + 226 = -386. Is -2 + 51/18 - (-18362)/x a composite number?
False
Let b = 509390 - 49477. Is b composite?
False
Let s = -1925841 - -5491510. Is s composite?
False
Suppose 48 = 13*d - 4. Suppose -538 - 8892 = -2*a - d*t, -4*a + 18805 = -3*t. Is a prime?
False
Is 19 + -29 + (-75228)/(-4) a prime number?
True
Suppose -r - 4*b + 4650 = 0, -4*b = 3*r - b - 13986. Let n = -3720 + 3716. Is r/(-4)*(n + 5 + -3) prime?
True
Let d(l) = -2*l**2 - 19*l - 13. Let y be d(-8). Let p be -635*(-44)/(-10)*(10 - y). Let g = 6575 - p. Is g a composite number?
True
Suppose 0 = -27*o + 14*o - 5*g + 1277039, 4*g = -o + 98241. Is o a prime number?
False
Let h(l) = -461*l**2 - 2*l - 25. Let m be h(-5). Let t be 2*(-6)/8 + m/(-8). Suppose 4*i = -5*y + 1429, 3*i - 2*i = -5*y + t. Is y composite?
True
Let c = 35 + -67. Let j = -73 - c. Let l = j - -72. Is l a prime number?
True
Let n = 1057 - 339. Let a = 3189 + n. Is a prime?
True
Let o = 2338 + -1217. Let m = -232 - 418. Let p = o + m. Is p composite?
True
Let w(m) = 7*m**2 - 17. Let s = -242 + 238. Is w(s) a prime number?
False
Suppose 1203627 = 6*q - 3748707. Is q prime?
True
Let g(h) = -1160*h - 42. Let t(b) = -387*b - 15. Let w(j) = -4*g(j) + 11*t(j). Is w(10) a composite number?
False
Let i = -8778 + 11269. Is i composite?
True
Let x be 4/(8/2) + 2. Suppose 7*m - 192 = x*m. Suppose 0 = -l + 401 + m. Is l composite?
False
Let x(d) = 18*d - 105 + 151 + 22*d - 2*d**2. Let b be x(21). Suppose -2*t = -b*t + 4874. Is t composite?
False
Suppose 5*o = 9*o + 36. Let u be 7/(-21)*o/3. Is 706 - (0 - 3)*u a composite number?
False
Let g(l) = -4*l**2 - 19 + 10*l**2 + 19*l - l**3 - 38*l. Is g(-9) a prime number?
True
Let l(x) = -93*x**3 - 17*x**2 - 4*x - 5. Let z be l(-6). Is 1/(-2)*(4 + (5 - z)) prime?
True
Let p = -82335 - -137761. Suppose 31382 = 8*l - p. Is l a composite number?
True
Let i(p) = 2*p - 2. Let h be i(0). Let a be -2 + -2 + (258 - (h - 1)). Suppose 3*m - 34 - a = 0. Is m a prime number?
True
Suppose -137343 = -2*p - 5*d, 5*p - 169842 = 2*d + 173443. Is p a prime number?
True
Let x(p) = 3*p**3 - 6*p**2 - 17*p - 1. Let s be x(7). Suppose -i - 224 + s = 0. Is i composite?
True
Let s = -2579 - -3940. Is s prime?
True
Is (-71594*-21*(-2)/30)/(4/(-10)) composite?
True
Suppose 0*p - 4*r = 3*p + 8245, p + 2750 = -3*r. Let l = 5260 + p. Is l composite?
True
Is (97257/6)/(-5 + (-165)/(-30)) prime?
False
Let b(i) = 1596*i**2 + 1. Let f(n) = n**2 + 2*n + 1. Let z be f(-2). Is b(z) prime?
True
Let i(m) be the first derivative of 7*m**5/20 + 5*m**4/12 - 7*m**2/2 + 24*m - 30. Let h(t) be the first derivative of i(t). Is h(4) composite?
False
Let o be (4635/(-12) + -2)*(-22 + 26). Suppose 2*f = 4*f - 2452. Let z = f - o. Is z a composite number?
True
Let b be (-1)/((-4 + 9)/5). Let l be 1258*b*(-35)/10. Suppose -12*y = -5*y - l. Is y prime?
False
Suppose 14*g + r = 3043424, 863*r + 217363 = g + 859*r. Is g a composite number?
False
Suppose 44*l + 78*l - 498869 = 96447333. Is l prime?
True
Let o(y) = 264*y**3 + y**2 - 37*y - 13. Is o(7) prime?
False
Let z(h) = 515*h - 776. Is z(35) prime?
False
Let v = -187 + 111. Let p = 315 + v. Is p a prime number?
True
Let i(x) = -201*x**2 - 11*x - 13. Let b(t) = 100*t**2 + 6*t + 7. Let h(l) = -7*b(l) - 4*i(l). Let k = 395 - 397. Is h(k) composite?
True
Let q be (-94)/4 - 32/(-64) - 4. Let a(j) = -j**3 - 25*j**2 - 2*j + 31. Is a(q) composite?
False
Let c = -532 + -829. Let y = -2379 - c. Is -1*(-1)/(-4) - y/8 prime?
True
Is (-4)/10*(-566079430)/476 a composite number?
False
Let a be 150227/33 + 3/(-9). Let l = a + -3191. Is l a prime number?
True
Let i = 4286 + -11908. Let m = i - -37915. Is m a prime number?
True
Let g(w) = -19*w**2 - 3*w + 18. Let r be g(6). Let x = 304 - r. Suppose 4*m - 1580 = -2*i, -3*m = -2*i - x - 197. Is m composite?
True
Suppose 0 = -50*z + 47*z. Suppose -98*n + 104*n - 3786 = z. Is n composite?
False
Is 11/((-209)/(-6695201)) + 26 composite?
True
Is (2/4 + 0)/((-7346764)/(-489784) - 15) composite?
False
Let p(v) = -v**3 - v + 397. Let a = -4 - -14. Suppose 0 = 17*k - a*k - 9*k. Is p(k) a prime number?
True
Suppose 30802 = -4*i - 4*y - 1258, 24049 = -3*i - 4*y. Let g = -2864 - i. Is g a composite number?
False
Let x be 1/(11/(-44)) + 3498 + 0. 